factors of f(z).
7, 17
Let q(u) = -997*u - 759. List the prime factors of q(-9).
2, 3, 37
Suppose -365*v + 455*v - 1605870 = 0. List the prime factors of v.
7, 2549
Suppose 0 = -l - 4*l - 20. Let j(b) = -6*b + 14. Let t be j(l). Let i = -36 + t. What are the prime factors of i?
2
Let t = 10198 - 8859. List the prime factors of t.
13, 103
What are the prime factors of -7 - (-39256)/88 - 6*(-5)/(-330)?
439
Suppose 2*u = -5*p - 1162, -2*p - 1015 = 5*u + 1848. Let k = u + 1001. What are the prime factors of k?
2, 5, 43
Let p = 24965 + -7988. What are the prime factors of p?
3, 5659
Suppose g - 12441 - 21304 = -2*o, -g + 16874 = o. List the prime factors of o.
16871
Let r = 14000 - 12812. What are the prime factors of r?
2, 3, 11
Let q(v) = -2103*v - 454. What are the prime factors of q(-21)?
109, 401
What are the prime factors of 15562 + -9*(-182)/117?
2, 3, 11, 59
Suppose 1034265 = 69*i - 1749885. List the prime factors of i.
2, 3, 5, 269
List the prime factors of ((-146507)/15 + (-2)/(-6))/(1381/(-6905)).
2, 3, 2713
Let m(h) = -h + 17. Let f be m(14). Suppose -t = -1, -2*t = -2*y + f*t + 13. Suppose -3*x = -y*x + 390. List the prime factors of x.
5, 13
Let k = 2760 - -317. List the prime factors of k.
17, 181
Suppose -19107 = -33*g + 6798. List the prime factors of g.
5, 157
Let h be -3 - (-6)/(18/(-183)). Let p = h - -105. Suppose 0 = -4*a + 20, -4*m + 0*m - a + p = 0. List the prime factors of m.
3
Suppose 5*f - 2 = 3*w + 13, 0 = -2*w - 3*f + 9. Suppose -3*t + w*a - a + 187 = 0, -5*t + 309 = a. What are the prime factors of 1/(-3) - (t/(-3) - 3)?
23
Suppose -37 = -5*p + 33. Let z(d) = d**3 - 8*d**2 - 29*d - 49. What are the prime factors of z(p)?
7, 103
Suppose 3*b - 4*h = 89542, -2*b + 24002 = -2*h - 35694. What are the prime factors of b?
2, 3, 5, 199
Suppose -7*z = -2*z - p - 132, -2*p + 22 = z. Let a(g) = 22*g + 200. List the prime factors of a(z).
2, 193
Let n be -2 - (-4542)/(36/6). Let i = -341 + n. What are the prime factors of i?
2, 3, 23
Let w be (9 + -4)/(2/(-4)) - -2. Let x = w + -1. Let d(k) = -10*k + 3. List the prime factors of d(x).
3, 31
Suppose -h - 3*h = -h, 3*u - 68691 = -h. What are the prime factors of u?
7, 3271
Let n(j) = j**3 + 10*j**2 - 14*j - 27. Let v = 99 + -110. Let x be n(v). Suppose -1274 = -13*t + x*t. List the prime factors of t.
2, 7, 13
Let l = 10843 - 4471. What are the prime factors of l?
2, 3, 59
Suppose 21 = 3*r - 354. Let j(n) = -19*n**2 - 13*n - 24. Let y be j(-2). Let v = y + r. What are the prime factors of v?
3, 17
What are the prime factors of (-26)/(-2) - (37 + -2859)?
3, 5, 7
Let j(x) = 338*x**2 + 62*x + 149. What are the prime factors of j(-6)?
5, 2389
Let q = -475 - -704. Suppose -1476 = -232*j + q*j. List the prime factors of j.
2, 3, 41
Suppose -5*m - 4*m + 36 = 0. Suppose q = m*w + 21, q - 18 = w - 3. Suppose 355 = 3*p + q. List the prime factors of p.
2, 3, 19
Suppose 7 = -10*f - 53. Let q(k) = 2*k**3 + 11*k**2 - 8*k - 7. Let o be q(f). What are the prime factors of o/(-15)*-6 + (1 - -159)?
2, 3
Let f(y) = 7*y**3 - 20*y**2 + y - 8. Let p(w) = 8*w**3 - 21*w**2 + w - 9. Let l(z) = 7*f(z) - 6*p(z). Let n be l(14). List the prime factors of 16/n + 591/9.
67
Let u(f) = -123*f**3 + 3*f**2 + 12*f + 8. Let q be u(-3). Suppose 6642 = 3*v + v + 3*p, 2*v + 2*p = q. List the prime factors of v.
2, 3, 277
Let z(p) = 4*p + 20. Let j be z(4). Suppose -4*t + 10*t = j. List the prime factors of t/(-8) + 135/4.
3, 11
Suppose -r = 3 - 2, 0 = 5*c + 4*r - 376. Let k = c - 108. Let q = k - -53. What are the prime factors of q?
3, 7
Let p(v) = -64*v - 561. List the prime factors of p(-19).
5, 131
Let n be (-10 - 3 - -9) + (7 - -1). Suppose 0 = n*l + 20, -569 = -3*m - 4*l + 2648. What are the prime factors of m?
13, 83
Suppose -5*j + 4*z + 0*z = -20, -20 = -4*j + 4*z. Suppose j = -5*x + 6*x + 13. List the prime factors of 0 - -2 - (x + -16).
31
Suppose 5*d - 929 = 391. Suppose y + 2*r = -d, -2*y + r + 1070 = -6*y. Let u = -133 - y. What are the prime factors of u?
3, 5
Let v be (-7880 - 44)/(2/(-3)). Suppose -16*h = -v - 13698. What are the prime factors of h?
3, 13, 41
Let w(p) = 2*p**2 + 39*p + 88. Let s be w(-17). Suppose 4*v + 183 = 5*c - 4*c, 3*v = s. What are the prime factors of c?
11, 17
Let m = -99 + 81. List the prime factors of (m/18)/(-2 + 37/19).
19
Suppose 0 = -2*l - l - 12, 12 = 2*g - l. Suppose -j = 4*f - 29 + 9, g*f + 5*j = 36. Suppose p + 2*p - 5*b = 277, 4*p + f*b = 348. List the prime factors of p.
89
Let l be (-1 + 5)/(-1 - (1 - 3)). Suppose 3*a + 1 = 2*x, 0*a + 4*a - 12 = -l*x. Let g(i) = 8*i**2 + 4*i - 3. What are the prime factors of g(x)?
37
Let a(r) be the second derivative of r**4 + 7*r**3/3 - 17*r**2 - 185*r. What are the prime factors of a(-9)?
2, 7, 29
Let q(s) = -416*s + 400. What are the prime factors of q(-132)?
2, 3457
Suppose s - 491 = -2*s - 4*v, 3*v = 2*s - 316. Suppose 7*u - 3675 = s. List the prime factors of u.
2, 137
Let z = 473 - 338. Let c be -16 + 20 + 0 + z. Let l = 38 + c. List the prime factors of l.
3, 59
Let q(t) be the third derivative of t**6/60 + t**5/12 - t**4/12 + 5*t**3/2 - 5*t**2 + t. What are the prime factors of q(5)?
2, 5, 19
Suppose 0 = -3*f + b + 3090 + 9555, 0 = 3*f - 4*b - 12645. List the prime factors of f.
3, 5, 281
Suppose 8*j - 4*j - 1736 = 0. Suppose -f - 4222 = -4*c, -f = -c + 623 + j. What are the prime factors of c?
5, 211
Let b(z) = -25433*z - 4613. What are the prime factors of b(-3)?
2, 73, 491
Suppose 2*o + m - 23061 = 8170, -31252 = -2*o - 4*m. List the prime factors of o.
2, 3, 1301
Let b(l) = 15*l. Let p(k) = k - 1. Let h(u) = b(u) + 9*p(u). Let d be h(9). Suppose 4*n - d = n. What are the prime factors of n?
3, 23
Suppose w + 4 = 0, 3*z + 2*w - 725 = -214. Suppose 248 = -5*n + 3*n. Let q = n + z. List the prime factors of q.
7
Suppose l = 5*l. Suppose 114 = 4*k + 38. Suppose 3*c = 9, p + c - 3*c - k = l. What are the prime factors of p?
5
Let g(l) = -l**3 + 25*l**2 + 11. List the prime factors of g(19).
7, 311
List the prime factors of 11523 - (-13 + 12) - (6 + -1).
11519
Suppose -30*f - 154*f + 528363 = -213709. What are the prime factors of f?
37, 109
Let h(c) = 397*c**3 + 18*c**2 - 53*c - 12. What are the prime factors of h(3)?
2, 3, 5, 7, 17
Suppose -75*w + 1345126 = -533549. List the prime factors of w.
37, 677
Let y(j) = 4*j**3 + 0*j**3 - 52 + 11*j - 5847*j**2 + 5852*j**2. List the prime factors of y(5).
2, 157
What are the prime factors of (1617/22)/(-7)*-314?
3, 7, 157
Let a(c) = -c**3 - 6*c**2 + 5*c - 16. Suppose q = 123 - 133. List the prime factors of a(q).
2, 167
Let n(z) = -14*z + 99. Let g be n(-19). Let u = g + 480. List the prime factors of u.
5, 13
Let c be 10*(-7 - -4)/(-6). Suppose 1458 = c*m + 4*q, m = q + 47 + 241. What are the prime factors of m?
2, 5, 29
Let s(q) = -78*q - 45. Let z be s(-5). List the prime factors of (-88324)/(-46) + (-30)/z.
2, 3, 5
Let n(a) = 30*a - 175. Let w(c) = -147*c + 876. Let s(v) = 11*n(v) + 2*w(v). List the prime factors of s(33).
5, 7, 29
Let x be (56/(-24))/((-1)/(-21)). Let j = x - -51. Suppose 4*y = j*y + 86. List the prime factors of y.
43
Suppose 25*x - 161020 - 463812 = -27*x. What are the prime factors of x?
2, 751
List the prime factors of 14/(21 - 7)*14228.
2, 3557
Let c = 81431 + -42008. What are the prime factors of c?
3, 17, 773
Let t(y) = -1184*y + 1257*y - 156 + 35. What are the prime factors of t(6)?
317
Let o(q) = -3*q**3 - 63*q**2 + 74*q + 281. What are the prime factors of o(-27)?
5, 2281
Let l be (2/3)/(56/(-2604)). Let c = -27 - l. Suppose 4*u + 0*u = -5*d + 558, c*u + 3*d = 554. What are the prime factors of u?
137
Let s be (-8 + 0)*(1 - (-1293)/12). Let y = 1400 + s. List the prime factors of y.
2, 5, 53
Suppose 25*u + 3*j = 21*u + 4846, 3*u + 4*j = 3631. List the prime factors of u.
1213
Suppose 623 + 1434 = -5*z + 4*r, -400 = z + 3*r. Let a = z + 746. List the prime factors of a.
337
Let f = 45 + -42. Let q(a) = -2*a**3 + 3*a**2 + 6*a - 5. Let v be q(f). What are the prime factors of 12650/77 + 4/v?
2, 41
Let l(q) = -1230*q - 1670. List the prime factors of l(-6).
2, 5, 571
Suppose -3*c - 96 = 13*c. What are the prime factors of 3*(-8)/c*(-8814)/(-104)?
3, 113
Let s = -147 + 152. Suppose 2*g - 5*p = -1146, 4*g = -s*p + 94 - 2326. Let b = -338 - g. List the